e greatest common factor of 575 and 186875.
575
What is the greatest common factor of 66 and 978450?
66
What is the highest common factor of 210 and 2750790?
210
What is the greatest common factor of 146 and 23579?
73
What is the greatest common divisor of 925773 and 46?
23
Calculate the greatest common divisor of 862 and 69.
1
What is the greatest common divisor of 343 and 7?
7
Calculate the highest common factor of 239998 and 88.
22
Calculate the greatest common factor of 4956 and 287.
7
Calculate the highest common divisor of 2553 and 39.
3
Calculate the greatest common divisor of 680 and 99535.
85
What is the highest common factor of 99 and 880869?
33
Calculate the highest common divisor of 938 and 2479.
67
What is the highest common factor of 154 and 21427?
7
What is the highest common divisor of 206 and 368?
2
What is the greatest common divisor of 6391 and 7854?
77
Calculate the highest common factor of 126929 and 121.
121
What is the highest common divisor of 38 and 30248?
38
What is the highest common divisor of 207 and 2727?
9
Calculate the greatest common divisor of 110387 and 3305.
661
What is the highest common factor of 539 and 209594?
77
Calculate the highest common factor of 8074464 and 32.
32
What is the greatest common factor of 9342 and 216?
54
Calculate the greatest common divisor of 118 and 3986.
2
Calculate the highest common factor of 332 and 48.
4
What is the highest common factor of 448 and 126?
14
Calculate the greatest common divisor of 37929 and 12912.
807
Calculate the greatest common factor of 10 and 3581030.
10
What is the highest common factor of 14515 and 195?
5
What is the highest common factor of 47989 and 578462?
1297
What is the greatest common factor of 25965 and 765?
45
What is the highest common divisor of 3312 and 120?
24
What is the highest common divisor of 22 and 565?
1
What is the highest common factor of 17388 and 759?
69
What is the greatest common factor of 2766 and 5967645?
1383
Calculate the highest common divisor of 34243 and 1892.
11
Calculate the highest common factor of 36 and 528.
12
Calculate the highest common factor of 273 and 832.
13
What is the highest common factor of 564 and 119784?
12
What is the highest common factor of 6970 and 115210?
410
Calculate the highest common factor of 6 and 27471.
3
What is the greatest common factor of 266 and 47796?
14
What is the highest common divisor of 27111 and 168?
21
Calculate the greatest common divisor of 342236 and 134.
134
What is the greatest common divisor of 4352 and 96?
32
Calculate the greatest common factor of 1860 and 654348.
372
Calculate the highest common factor of 650 and 245362.
26
Calculate the greatest common divisor of 88945 and 370.
5
Calculate the highest common divisor of 4 and 2003392.
4
What is the greatest common factor of 862570 and 20?
10
Calculate the highest common factor of 24 and 910824.
24
Calculate the greatest common factor of 27 and 14121.
27
Calculate the greatest common factor of 241 and 647567.
241
Calculate the highest common factor of 2256060 and 1140.
1140
Calculate the greatest common divisor of 31734 and 17343.
369
Calculate the greatest common divisor of 716 and 7481126.
358
Calculate the greatest common divisor of 326 and 80033.
163
What is the greatest common divisor of 11 and 97031?
11
Calculate the highest common factor of 5269 and 275.
11
What is the highest common divisor of 34 and 646?
34
What is the greatest common factor of 14027 and 104?
13
What is the highest common divisor of 247025 and 410?
205
Calculate the greatest common factor of 466 and 717174.
466
Calculate the greatest common divisor of 30 and 44535.
15
Calculate the highest common factor of 14074 and 60382.
454
Calculate the greatest common divisor of 403095 and 330.
165
What is the highest common divisor of 101330 and 50?
10
What is the greatest common factor of 486 and 17109?
9
What is the greatest common divisor of 1553075 and 460?
115
What is the greatest common divisor of 1296 and 3492?
36
Calculate the greatest common divisor of 360262 and 84.
14
What is the highest common divisor of 528 and 71984?
176
What is the greatest common divisor of 386635 and 1590?
265
Calculate the highest common factor of 60916 and 1261.
97
What is the greatest common factor of 1 and 126309?
1
Calculate the greatest common factor of 6478 and 237.
79
Calculate the highest common factor of 7995 and 1365.
195
What is the highest common factor of 793 and 140849?
61
Calculate the highest common factor of 280959 and 6296.
787
Calculate the highest common factor of 23805 and 13800.
345
Calculate the greatest common factor of 56107 and 133.
19
Calculate the greatest common factor of 1908 and 204898.
106
What is the highest common factor of 733710 and 30?
30
What is the highest common factor of 22 and 79926?
22
Calculate the highest common divisor of 14656 and 4608.
64
What is the greatest common factor of 8239 and 9317?
77
What is the highest common factor of 3132000 and 250?
250
Calculate the greatest common factor of 399683 and 93.
31
Calculate the greatest common factor of 528 and 31911.
33
Calculate the highest common factor of 880 and 45830.
10
Calculate the highest common divisor of 564 and 187295.
47
Calculate the highest common divisor of 609 and 884674.
203
Calculate the greatest common factor of 22464 and 17550.
702
Calculate the greatest common divisor of 8662 and 5368.
122
Calculate the highest common divisor of 209 and 28367.
19
Calculate the highest common divisor of 270286 and 894.
298
What is the highest common factor of 1207 and 1309?
17
What is the highest common factor of 846 and 135783?
423
What is the greatest common divisor of 570 and 6802?
38
Calculate the greatest common factor of 61393 and 73.
73
Calculate the greatest common divisor of 8241 and 15879.
201
Calculate the highest common divisor of 102 and 840786.
102
What is the greatest common divisor of 14056 and 280?
56
What is the greatest common divisor of 2474353 and 49?
49
What is the highest common divisor of 2076 and 4325?
173
Calculate the greatest common divisor of 45 and 5595.
15
Calculate the greatest common divisor of 5184 and 2754.
162
What is the highest common divisor of 152187 and 3507?
21
What is the greatest common factor of 70 and 29870?
10
What is the highest common divisor of 6747 and 9867?
39
What is the greatest common factor of 794 and 124261?
397
Calculate the greatest common divisor of 60 and 24330.
30
Calculate the greatest common divisor of 135 and 39375.
45
Calculate the highest common divisor of 176001 and 1392.
87
What is the highest common factor of 9329 and 16694?
491
Calculate the highest common divisor of 252 and 90468.
252
What is the greatest common factor of 75105 and 599171?
1669
Calculate the greatest common divisor of 1369 and 11396.
37
What is the highest common divisor of 2560 and 1170?
10
What is the highest common factor of 1965 and 270?
15
What is the greatest common divisor of 209356 and 28?
28
Calculate the greatest common divisor of 62940 and 960.
60
What is the highest common divisor of 10028 and 21804?
92
What is the highest common divisor of 106748 and 4?
4
Calculate the highest common divisor of 264 and 27576.
24
Calculate the greatest common divisor of 114 and 193971.
57
Calculate the greatest common factor of 182 and 175112.
14
What is the greatest common factor of 33178 and 4?
2
Calculate the highest common factor of 302888 and 56.
8
Calculate the greatest common divisor of 148114 and 103.
103
Calculate the highest common divisor of 394472 and 728.
104
What is the greatest common divisor of 986715 and 108?
27
Calculate the highest common divisor of 98437 and 1557.
173
What is the greatest common divisor of 5177 and 21209?
167
What is the greatest common divisor of 48760 and 91540?
460
What is the greatest common divisor of 10437 and 5325?
213
Calculate the highest common factor of 2432 and 228.
76
Calculate the highest common divisor of 10538 and 3832.
958
Calculate the greatest common factor of 186 and 1404114.
186
Calculate the highest common divisor of 2016 and 2232.
72
Calculate the greatest common factor of 266 and 5894.
14
Calculate the greatest common divisor of 9092 and 44.
4
Calculate the greatest common factor 